e the second derivative of q**3/6 - 2*q**2 + 3*q. Determine f(z).
-1
Let a = 105 + -100. Let x(y) be the third derivative of 1/3*y**3 - 1/15*y**a + 1/120*y**6 + 0*y - 5/24*y**4 - 4*y**2 + 0. Determine x(5).
2
Let i(b) be the second derivative of -b**5/20 + b**4/4 + b**3/3 + 2*b**2 - 11*b. Give i(3).
10
Suppose -5*y - 1 = -0*g - 4*g, -3*g + 3 = -3*y. Let c(u) = u**2 - u + 2. Calculate c(y).
8
Suppose -s - 16 = -2*p + 3*s, 0 = p + 5*s - 8. Let y = -5 + p. Let z(a) = -2*a - a + 2*a + 5 - a**3 + 2*a**y + 3*a**2. Calculate z(-4).
-7
Let v be ((-3)/(-3) - 1)/1*1. Let j(k) = -8*k - 11. Let n(m) = -7*m - 11. Let x(z) = -6*j(z) + 7*n(z). Give x(v).
-11
Let r(d) = -d + 3*d**2 + 7 - d**3 + 2 + 0*d**2 - 6. Determine r(4).
-17
Let a(z) be the second derivative of -5*z**3/6 + 9*z**2/2 - 9*z. Give a(6).
-21
Let z(b) = -8*b**3 - 7*b**2 - 9. Let d(s) = 4*s**3 + 3*s**2 + 4. Let n(x) = 9*d(x) + 4*z(x). What is n(-1)?
-5
Let o be 2 - (0/2)/(-3). Let m(u) = -2*u**2 - 3*u**2 - 3 + o + 0 + u. Calculate m(1).
-5
Let s be (-6)/(-4)*4/6. Let j(m) = -838*m**3 + 290*m**3 + 278*m**3 - 1 + 280*m**3. What is j(s)?
9
Let w(r) = -5*r - 9. Let g(h) = -2*h - 3. Let n(z) = -11*g(z) + 4*w(z). Calculate n(2).
1
Let o = 47 - 41. Let k(b) = b**3 - 2*b**2 - b**2 - 3*b**2 + 5 - 2*b. Give k(o).
-7
Let f(u) = -u**3 - u**2 + 4*u + 4. Let p(c) = -2*c**2 - 7*c + 1. Let o be p(-4). Give f(o).
10
Let x be (16/(-12))/((-1)/(-3)). Let q(s) = -s - 3. Let h(t) = -2*t - 6. Let p(g) = 4*h(g) - 7*q(g). What is p(x)?
1
Let n be -2 - ((-300)/(-105) - (-2)/14). Let h(z) = 2*z + 6. Determine h(n).
-4
Let r(t) = 3*t**3 - 15*t**2 - t + 10. Suppose 4*y - 12 = -0*p + 4*p, -p = 0. Let z(m) = m + m**3 + y - 5*m**2 - m. Let h(o) = -2*r(o) + 7*z(o). Give h(4).
-7
Let z = -11 - -8. Let l(d) be the first derivative of 5 - 1 + d**2 + 2*d - 1. Determine l(z).
-4
Let d = 8 - 5. Suppose -12 = -x - d*x. Suppose x = 3*j - 3. Let p(n) = n. What is p(j)?
2
Let r(m) = -m**3 - m**2 - 5*m - 1. Let v(s) = s**3 + 2*s**2 + 5*s + 2. Let a(j) = -3*r(j) - 4*v(j). Give a(-4).
-1
Suppose 0 = -0*x + 3*x - 12. Let p(w) = -2*w + 6. Let l be p(x). Let o(j) = -j**2 - j - 1. Give o(l).
-3
Let a(n) = -n**3 - 12*n**2 - 13*n - 19. Let w be a(-11). Let q(i) = -i**3 + 2*i**2 + 4*i - 1. What is q(w)?
2
Suppose z - 2 = 2*z. Let j(k) be the first derivative of -2*k**3/3 - 3*k**2/2 - k + 1. What is j(z)?
-3
Suppose i + 23 = 3*l, 7 = -3*l + 3*i + 34. Let g(y) = -l*y - 3*y + 5*y. What is g(-1)?
5
Suppose -4*p - 5*d = -9, 2*d = 5*p - d - 2. Suppose -p = t - 2. Let w(l) = 2*l**2 - 2*l + 1. Give w(t).
1
Let n(s) = -4*s**2 + 0*s**2 + 3*s**2 + 5 + 3*s. Let h be (12/8)/(3/8). Suppose 28 = 3*g + g - 2*b, h*g = -2*b + 12. Determine n(g).
-5
Let y(t) = t**3 - 11*t**2 + 10*t + 9. Let i be y(10). Let k(d) = -d + 3*d**2 - 6*d**2 + 10*d**3 - i*d**3. Let x be k(2). Let h(r) = r**2 + 5*r - 8. Give h(x).
-2
Let r(m) = -m - 9. Let j(g) = g**3 + g**2 + g. Let z be (-2)/6 - (-3)/9. Let o be j(z). Determine r(o).
-9
Let m(w) = w**2 + 0*w**3 + w**3 + 3*w**2 + 0*w**2. What is m(-4)?
0
Let l(o) = 0*o - 2*o**2 + o**3 + 5*o**2 + 5 - 4*o. Let s be (-15)/4 - (-5)/(-20). Determine l(s).
5
Let f = 7 - 5. Let i(z) = -f*z + 0 - 2 + 0. Suppose 2*j = j - 3. Give i(j).
4
Let j(d) = d. Let s(v) = v**2 + 5*v + 2. Let n(g) = -j(g) + s(g). What is n(-6)?
14
Let q(l) = l**2 + 2*l - 12. Let k be q(0). Let o be (-2 - 28/k)*-9. Let c(x) = -x**2 + x + 1. Give c(o).
-11
Suppose -10 = 5*d, 2*b + 5*d + 2 = 4. Let s(t) be the third derivative of 1/24*t**4 + 0 + 0*t - 7/6*t**3 + 2*t**2. Give s(b).
-1
Let q(h) = 7*h - 8. Let u(t) = -13*t + 16. Let w(g) = -11*q(g) - 6*u(g). Let m(s) = -s**3 - 11*s**2 + 2*s + 13. Let x be m(-11). Let j = -5 - x. Give w(j).
-4
Let i(v) = v + 5. Suppose 0 = -d - 3*a - 0 + 1, 4*a = -d - 3. Suppose d = -5*j + 3. Let s be 2*6/(-4) + j. Determine i(s).
0
Suppose 4 = -3*p + 10. Let n(x) = x**2 + 2 - 6 + 3*x - 2 - p*x. What is n(0)?
-6
Suppose 0*z - 3*z - 5*o + 13 = 0, -5*o + 10 = 0. Let x be 1*(-2 - z)*1. Let p(y) = 4*y + 4 - 3*y + 0. Determine p(x).
1
Let u(r) = -r**2 + 2*r + 1. Suppose -2*i + 5 = -3. Let h be 2/i*(1 - -1). Let q be 3/(-2)*(-3 + h). Give u(q).
-2
Let x = -88 + 94. Suppose 2*w = -j, -j - w - 35 = -4*j. Let c(r) = 2*r + j - 5*r + 2*r. Determine c(x).
4
Let p = 177 + -180. Let l(y) = y**3 + 2*y**2 + 3*y - 3. What is l(p)?
-21
Let w(d) = 2*d**2 + 7*d + 5. Let h be (-8)/2*(-4 - -3). Let l be (-42)/10 - h/(-20). Calculate w(l).
9
Let c(n) = -n**3 - 8*n**2 - 6*n + 10. Let d be c(-7). Let h(r) = r + 2*r**3 - 4*r**3 - r**3 + 5*r**2 + 4*r**d. Determine h(-2).
10
Let s(u) = 2*u - 3. Suppose 4*t = d + 6, -t + 2 + 8 = 4*d. Let c(p) = 4*p - 3*p - t - 3 + 2. Let h(b) = -3*c(b) + 2*s(b). Determine h(0).
3
Let y(s) = s**2 + 9*s + 6. Let q = 5 - 13. Calculate y(q).
-2
Let d(o) = o**3 - 3*o**2 + 2*o - 4. Let j be d(3). Suppose 0 = -2*t + 4. Let k(v) = 6*v**2 + 0*v**t + 1 - 5*v**2. Calculate k(j).
5
Let u(s) = -s**3 - 5*s**2 - 3*s - 3. Suppose 3*f + 3*b = -18, 2*f - b + 0 = -6. Determine u(f).
-7
Let t(g) = -9*g**2 - 19*g + 17. Let s(d) = -4*d**2 - 9*d + 8. Let h(f) = -7*s(f) + 3*t(f). Calculate h(-5).
-10
Suppose -25*j + 21*j + 40 = 0. Let r(x) = -x**3 + 9*x**2 + 11*x - 10. Determine r(j).
0
Let b = 5 - 7. Let c(f) = -5*f + f**2 + 2 + f + 3*f + f**3. Give c(b).
0
Let o(l) = l - 3. Let s(p) be the second derivative of -p**3/6 + 2*p**2 - 3*p. Let b be s(7). What is o(b)?
-6
Suppose -l + 19 = -2*l. Let q = l - -44. Suppose 0 = -f - 2*s - 1, 2*s - q = 3*f - 3*s. Let n(h) = h**2 + 6*h + 6. Calculate n(f).
1
Let d be (2/4)/((-1)/(-4)). Let i be (-2)/1 - (-14)/d. Suppose -5*a = -8*a - 2*t - 4, i*a + 5*t = -15. Let u(r) = r**3 - 3*r + 1. Determine u(a).
3
Let j be (-2)/(-4) + (-28)/(-8). Suppose j = o + 3. Suppose 3*q + 1 = 2*h - o, 2*q + 2*h = -18. Let b(s) = -s**3 - 5*s**2 - 5*s + 2. Determine b(q).
6
Let b(f) = f**2 + 2*f - 1. Suppose -5*u - 15 = g, u + 33 = -u + 5*g. What is b(u)?
7
Let v(x) be the second derivative of 11*x**3/6 + 4*x. Give v(1).
11
Let y(n) = 9*n**2 + 7*n**2 + n**2 + n - 1 - 16*n**2. Determine y(0).
-1
Let q(b) be the third derivative of b**6/120 + b**5/20 - b**4/8 - b**3/6 - b**2. Calculate q(-4).
-5
Let q(c) = -c**2 - 3*c + 5. Suppose -3*w = 3*u - 12, w - 2*w + 2*u + 4 = 0. Suppose -3*i - 29 = -w*o, 36 = 2*o - o + 5*i. Let p = o - 15. What is q(p)?
1
Let m(x) = -4*x - 4. Let y(v) = 4 + 2 + 3*v - 3. Let w(o) = 4*m(o) + 5*y(o). Suppose b = 3*b - s + 1, -s - 13 = 5*b. What is w(b)?
1
Let i(a) be the third derivative of -7*a**4/24 + a**3/6 - 3*a**2. Let x = 1 + 1. Suppose x = -h + 3. Calculate i(h).
-6
Let c(k) = -6 - 16*k + 4*k - 1225*k**2 + 1224*k**2. Determine c(-11).
5
Suppose 6*o - o - 7 = -2*g, -4*g + 4*o = 0. Let j = 1 - g. Suppose j = -5*c + 5 + 20. Let a(l) = l**2 - 3*l - 6. Determine a(c).
4
Let x(q) = -q**3 + 2*q**2. Suppose -k = 2*k - 21. Let n = k - 7. Let i be (-1 + n)/((-5)/15). Calculate x(i).
-9
Let z(a) = -a**3 + 2*a**2 - 2*a + 3. Let t = -2 - -4. Let k be z(t). Let s(b) = 4*b - 8*b + 5*b. What is s(k)?
-1
Let j = -1 + 3. Let f = 3 + -1. Let k(a) = -f + 2*a - a**2 - a + 1. Determine k(j).
-3
Let v(t) be the first derivative of 3 + 1/2*t**2 + 5*t. Give v(-4).
1
Let g be (12/8)/((-1)/2). Let u(k) = 2*k + 3. Let i(j) = -2*j - 4. Let b(v) = g*i(v) - 4*u(v). Suppose y - 2*y - n = 2, -y - 3*n - 4 = 0. Determine b(y).
2
Let h be 12 - 2 - 0 - 0. Let r be 3 + (-5)/(h/8). Let y(b) be the third derivative of b**4/12 + b**2. Calculate y(r).
-2
Let v(c) = c**3 - 7*c**2 - 8*c - 5. Suppose 10*k - 39 = -3*f + 5*k, -4 = -2*f + 4*k. What is v(f)?
-5
Let t(s) = 2*s + 3. Let g(n) = -5*n - 5. Let a(m) = -3*g(m) - 7*t(m). Let l(w) = -w**2 + 2*w + 2. Let k be l(3). Let u be 0/(2 - (-3)/k). Calculate a(u).
-6
Let b(v) be the second derivative of -2/3*v**3 - 1/12*v**4 + 0 - 1/2*v**2 - 2*v. Give b(-4).
-1
Suppose -2*l + 20 = -12*l. Let d(h) = h**3 + h**2 - 3*h - 2. Determine d(l).
0
Let d(x) = -x + 3. Let l = 16 + -4. Suppose -h - 3*t = 4 - 11, -2*h = 4*t - l. Determine d(h).
-1
Let n(g) = 5*g**2 + 1 - 6*g**2 + 3*g - g**2 + 3*g**3 - 4*g. Calculate n(2).
15
Let t = 2 + 5. Let c(x) = x - 5. Determine c(t).
2
Let q be (-6)/4*(-96)/(-36). Let o(a) = 6 + 4*a - 2 - a - 2*a. What is o(q)?
0
Suppose u - 3*u + 22 = 2*a, 5*u - 50 = -4*a. Let b(c) = -c + 2 + 2 + 0 - u. Supp